 x?
3
Suppose 4*a - 598 - 134 = 0. List the prime factors of a.
3, 61
Let f = 2 + -5. Let u = 0 - f. What are the prime factors of u?
3
Let y be 6/1 - (-3)/(-1). Let c be 0/(-1)*(2 - y). Suppose 0 = 4*r + v - 5*v - 4, 2*r + v - 14 = c. What are the prime factors of r?
5
Let t = 19 - -26. What are the prime factors of t?
3, 5
Let w(l) = l**3 - 8*l**2 + l + 5. Let p be w(6). Let i be p/(-7) + (-2)/(-7). Suppose 2*n + i = 5*n. What are the prime factors of n?
3
Suppose -2*t - 3*u + 11 = -2*u, 23 = t + 4*u. Suppose -t*l = -l. Let o = l + 4. What are the prime factors of o?
2
List the prime factors of -4 + 0 + 0 - -231.
227
What are the prime factors of 5176/48 + -1 - 2/(-12)?
107
Let s(a) = 2*a**3 - a**2 - 2*a + 2. Let d be s(1). Suppose 6 = 3*b - 2*b. What are the prime factors of b - (d + -2 + 3)?
2
Let k be 2 + (0 - 3) + 1. Suppose -j - 4*j + 175 = k. What are the prime factors of j?
5, 7
What are the prime factors of ((-50)/(-4))/((-2)/(-4))?
5
Let r be 0 + -1 + 0 - -18. Suppose r = v + 3. Let o = -3 + v. What are the prime factors of o?
11
Suppose 6*h - 843 = 177. List the prime factors of h.
2, 5, 17
Let z(d) = 2*d**2 + 3*d + 3. Let l = -10 + 7. What are the prime factors of z(l)?
2, 3
Suppose 2*a + 4 = 2*b - 0*b, -a = 0. Let t be 3/9*3*b. Suppose -3*s = t*d - 15, -4*s + 21 = 5*d - 2*d. List the prime factors of s.
3
Let y be 0/2 + -2 + 5. Suppose -52 = -y*m + w, -19 = 4*w - 3. What are the prime factors of m?
2
Let o(m) = -2*m**2 - m**2 + m**2 + 2*m - 1 + 11*m**3. Suppose 10 = -2*z, 0*z - 4*z = -2*t + 22. List the prime factors of o(t).
2, 5
Let x be (-2)/4*2 - 6. Let u = x + 14. Let y(r) = r**3 - 8*r**2 + 8*r + 3. What are the prime factors of y(u)?
2, 5
Suppose f + 0*f = 43. Let n = f - 28. List the prime factors of n.
3, 5
Let t(f) = f - 5. Let a be t(7). Let v = a + 2. Suppose -v*u + 5*w - 2 = -u, -2*u + 3*w = 0. What are the prime factors of u?
2, 3
Let h = 332 - 199. What are the prime factors of h?
7, 19
Suppose 1 + 254 = g. List the prime factors of g/12 - (-3)/(-12).
3, 7
Let y(d) = 6*d**3 - 2*d**2 + 1. Let x be ((-1)/3)/(5/(-15)). Let q be y(x). Suppose q*i = i + 12. What are the prime factors of i?
3
Suppose 3*c - 100 = -4*m + 2*c, 3*c = 3*m - 60. Suppose 0*l - 4*l = -m. Suppose u = q + 5, q = -2*u + 4*q + l. What are the prime factors of u?
3
Let a(b) = b**2 + 8*b + 5. Let w = -19 + 10. What are the prime factors of a(w)?
2, 7
Let q = 31 - -6. What are the prime factors of q?
37
Let x(a) = 8*a**2 - 2*a + 12. Let i = 13 + -19. Let w(z) = -7*z**2 + 2*z - 11. Let r(t) = i*x(t) - 7*w(t). What are the prime factors of r(4)?
13
Suppose -36*s + 204 = -30*s. List the prime factors of s.
2, 17
Suppose d - 3 = 0, -4*d = 3*u - 8*u + 398. Let a = -31 + u. List the prime factors of a.
3, 17
Let k(g) = -3*g - 1. Let c = 141 + -96. Suppose -w - 3 = x, 3*w - c = 5*x - 6. List the prime factors of k(x).
17
Let q = -57 - -84. What are the prime factors of q?
3
List the prime factors of (-146)/(-4) - (-5)/(-10).
2, 3
Let a(k) = k**2 - k - 4. Suppose 2*p = -3*o + 7*p - 10, 3*p - 5 = 2*o. What are the prime factors of a(o)?
2
Suppose 7*m - 2*m = 15. Suppose 4*j - 13 = -k, -2*j + 13 + 6 = m*k. Suppose -n - j*n + 9 = 0. What are the prime factors of n?
3
Let d(u) = 7*u**2 - 7*u - 15. What are the prime factors of d(-5)?
3, 5, 13
Let k be 0*2/8*1. Suppose 5*g + 0*g - 55 = k. What are the prime factors of g?
11
Let b(q) = q**3 - 2*q**2 + 6*q + 6. Let o(y) = -2*y**3 + 3*y**2 - 13*y - 13. Let t(h) = -9*b(h) - 4*o(h). List the prime factors of t(3).
19
Let x = 2 - -2. Suppose -x*a = -3*q - 8, -a - 2 = -4*q - 4. What are the prime factors of 32/18 - a/(-9)?
2
Suppose 10*l + 0*l - 1180 = 0. List the prime factors of l.
2, 59
Let k be (2 - 1/1) + 1. Let l(a) = 3*a - 3*a - 2 + 2*a**2 + k*a. List the prime factors of l(2).
2, 5
Let x be ((-4)/8)/((-1)/(-12)). Let y = 3 - -9. Let m = y + x. What are the prime factors of m?
2, 3
Let m = 11 - 16. Let q = m - -16. List the prime factors of q.
11
Let o = -16 + 24. What are the prime factors of o?
2
Let n(y) = 2*y**2 + 3*y + 3. Let v be n(-2). Let r(f) be the third derivative of -f**6/120 + f**5/10 - f**4/12 - f**3 + 2*f**2. List the prime factors of r(v).
3
Let f(d) = 13*d**2 - 2*d + 1. Let y be f(1). Let o be 4*9/y + 2. Suppose -2*u + 1 + o = 0. What are the prime factors of u?
3
Suppose 5*v = -1 + 11. Suppose g - x - 48 = 0, v*g + 2*x = 3*g - 50. List the prime factors of g.
2, 23
Let j(c) = -5*c - 2. What are the prime factors of j(-3)?
13
Let k(q) = q**2 - 11*q - 3. List the prime factors of k(13).
23
Suppose 0 = 3*o + 32 - 239. What are the prime factors of o?
3, 23
Let b(l) = 2 - 5 - 5*l - 6*l**2 + 2*l**2 + l**3. Let n be b(5). Let v = n + 6. List the prime factors of v.
3
Suppose 25 - 7 = 3*i. What are the prime factors of i?
2, 3
Suppose -36*k + 34*k + 158 = 0. List the prime factors of k.
79
Let o(a) be the second derivative of 11*a**3/3 + a**2/2 + 13*a. Let x(l) = -l**3 + 4*l**2 - 2*l - 2. Let c be x(3). List the prime factors of o(c).
23
Suppose -l + 5 = f - 5, 0 = -2*f + 2*l + 40. What are the prime factors of f?
3, 5
Suppose r - 68 = -4*b, 2*r + 3*b = -2*r + 298. List the prime factors of r.
2, 19
Let s be (-2)/(3*(-6)/27). Suppose 22 = s*w - 5*c - 45, w - c - 19 = 0. List the prime factors of w.
2, 7
Suppose -8 = -s + 2*h, 2*s - 12 - 10 = 2*h. Suppose -3*y = 4*n - 103, -y - 78 = -3*n - 3*y. Let q = n - s. List the prime factors of q.
2, 7
Let p = -9 - -12. Suppose -r - 14 = 2*i + p*r, -r = 3*i - 4. List the prime factors of i.
3
Let a be -1 - ((1 - 1) + -12). Let h = a + -7. List the prime factors of (12/(-8))/((-2)/h).
3
Suppose -5*h + 2*g + 73 = 0, -7*g - 41 = -3*h - 3*g. Suppose 3*f = 2*f + h. What are the prime factors of f?
3, 5
Let u be (-12)/14*(6 - -1). Suppose d = -2*i + 27, 2*i - 5*d - 53 = -20. Let f = u + i. What are the prime factors of f?
2
Let u = -10 - -5. Suppose 13*n - 11*n = -14. Let x = u - n. List the prime factors of x.
2
Let s(b) be the first derivative of -b**2 - 3*b + 3. What are the prime factors of s(-5)?
7
What are the prime factors of (114/4)/(7/14)?
3, 19
Let i = 5 - -13. List the prime factors of i/(-12)*8/(-6).
2
Let n be (-63)/(-6) + 2/4. Suppose 5*t = -n + 46. What are the prime factors of t?
7
Suppose 6 = 5*i + 1. Let f = 4 - 2. Suppose f*n + i = 7. List the prime factors of n.
3
Let s(c) = -c**3 + c**2 + c + 36. Let p be s(0). Suppose -4*f + p = 3*a - 6, 5*a - 70 = -2*f. Suppose 22 + a = 3*o. List the prime factors of o.
2, 3
Suppose j = -y + 6, 0*j = -y + 3*j - 6. Suppose -3*t - 2 = 5*c, y*c - 3*t = 5*c + 8. List the prime factors of (-405)/(-25) - c/10.
2
Let w(b) = -10 - 3*b + 5*b - 3*b. Let f be w(-12). Suppose -f*t = -0*t + 2*i - 46, 0 = -4*t + 3*i + 64. List the prime factors of t.
19
What are the prime factors of (544/6)/(26/39)?
2, 17
Suppose 7 = -a + 9. Let v be 679/7 - 1*a. Suppose -3*w - 2*w = -v. List the prime factors of w.
19
Let x be 15/10 - 2/(-4). Suppose 18 = x*z - 0*z. Let y = z + 3. What are the prime factors of y?
2, 3
Suppose -2*v = -4 + 12. Suppose 4*g = -5*r + 30, 3*r + 2*r - 20 = -2*g. List the prime factors of ((-11)/r)/(2/v).
11
Suppose -4*o - 2*c + 170 = 0, 4*o = -o + 3*c + 240. List the prime factors of o.
3, 5
Suppose -7*v - 470 = -2*v. Let b = -48 - v. What are the prime factors of b?
2, 23
Suppose -w + 5*w + 257 = 5*o, -6 = 2*w. What are the prime factors of o?
7
Let w be (-5)/(2 - (1 - -2)). Suppose i + i = -2*l + 4, w*i = 3*l - 38. List the prime factors of 1 + l - (2 - 4).
3
Let q(o) = 2*o**2 - 4*o + 3. Let t = 10 - 7. Let s be q(t). Suppose -4*b + s*b = 30. List the prime factors of b.
2, 3
Let v(s) = -s**3 + 2*s**2 - 1. Let o be v(1). Suppose -z - 13 = -5*k, o = k + 3*k + 3*z - 18. List the prime factors of k.
3
Suppose 2*s - 29 = 13. Let a be (s/9 + -1)*-6. Let v = -1 - a. What are the prime factors of v?
7
Suppose -3*t = -5*i - 27 - 34, 2*i = -4*t + 38. What are the prime factors of (-8)/t - 106/(-6)?
17
Let g(t) = -3*t**3 - 2*t**2 + 5*t - 2. List the prime factors of g(-4).
2, 3, 23
Let h(l) = l + 5. Let i be h(0). Suppose i = c - 1. Let u(a) = a**3 - 5*a**2 - 6*a + 4. What are the prime factors of u(c)?
2
List the prime factors of (-6)/2*(5 + -4 + -16).
3, 5
Suppose -4*k = 11*k - 2190. What are the prime factors of k?
2, 